49.51.166.228 - - [03/May/2026:19:12:59 +0200] "GET / HTTP/1.1" 301 272 "-" "Mozilla/5.0 (iPhone; CPU iPhone OS 13_2_3 like Mac OS X) AppleWebKit/605.1.15 (KHTML, like Gecko) Version/13.0.3 Mobile/15E148 Safari/604.1" "-"
49.51.166.228 - - [03/May/2026:19:13:00 +0200] "GET / HTTP/1.1" 502 150 "http://www.havishia.in#wp--skip-link--target" "Mozilla/5.0 (iPhone; CPU iPhone OS 13_2_3 like Mac OS X) AppleWebKit/605.1.15 (KHTML, like Gecko) Version/13.0.3 Mobile/15E148 Safari/604.1" "-"
74.7.241.23 - - [03/May/2026:19:13:11 +0200] "GET /development/wp-content/plugins/woocommerce/src/StoreApi/Routes/V1/CartRemoveCoupon.php.sorry HTTP/1.1" 415 435 "https://www.havishia.in.156-67-111-41.cpanel.site/development/wp-content/plugins/woocommerce/src/StoreApi/Routes/V1/" "Mozilla/5.0 AppleWebKit/537.36 (KHTML, like Gecko; compatible; GPTBot/1.3; +https://openai.com/gptbot)" "-"
74.7.243.202 - - [03/May/2026:19:13:35 +0200] "GET /admin_assets/js/ckeditor/plugins/smiley/images/angel_smile.png.sorry HTTP/1.1" 415 435 "https://www.amruttbhatt.com.156-67-111-41.cpanel.site/admin_assets/js/ckeditor/plugins/smiley/images/" "Mozilla/5.0 AppleWebKit/537.36 (KHTML, like Gecko; compatible; GPTBot/1.3; +https://openai.com/gptbot)" "-"
156.67.111.41 - - [03/May/2026:19:13:37 +0200] "POST /wp-cron.php?doing_wp_cron=1777828417.5778470039367675781250 HTTP/1.1" 499 0 "-" "WordPress/6.9.4; https://cyberelite.in" "-"
122.181.102.5 - - [03/May/2026:19:13:37 +0200] "GET /wp-admin/admin.php?page=rank-math-redirections HTTP/1.1" 302 0 "-" "Mozilla/5.0 (Macintosh; Intel Mac OS X 10_15_7) AppleWebKit/537.36 (KHTML, like Gecko) Chrome/147.0.0.0 Safari/537.36" "-"
122.181.102.5 - - [03/May/2026:19:13:37 +0200] "GET /wp-login.php?redirect_to=https%3A%2F%2Fcyberelite.in%2Fwp-admin%2Fadmin.php%3Fpage%3Drank-math-redirections&reauth=1 HTTP/1.1" 200 1844 "-" "Mozilla/5.0 (Macintosh; Intel Mac OS X 10_15_7) AppleWebKit/537.36 (KHTML, like Gecko) Chrome/147.0.0.0 Safari/537.36" "-"
122.181.102.5 - - [03/May/2026:19:13:38 +0200] "GET /wp-includes/css/dashicons.min.css?ver=6.9.4 HTTP/1.1" 200 35114 "https://cyberelite.in/wp-login.php?redirect_to=https%3A%2F%2Fcyberelite.in%2Fwp-admin%2Fadmin.php%3Fpage%3Drank-math-redirections&reauth=1" "Mozilla/5.0 (Macintosh; Intel Mac OS X 10_15_7) AppleWebKit/537.36 (KHTML, like Gecko) Chrome/147.0.0.0 Safari/537.36" "-"
122.181.102.5 - - [03/May/2026:19:13:38 +0200] "GET /wp-includes/js/clipboard.min.js?ver=2.0.11 HTTP/1.1" 200 3001 "https://cyberelite.in/wp-login.php?redirect_to=https%3A%2F%2Fcyberelite.in%2Fwp-admin%2Fadmin.php%3Fpage%3Drank-math-redirections&reauth=1" "Mozilla/5.0 (Macintosh; Intel Mac OS X 10_15_7) AppleWebKit/537.36 (KHTML, like Gecko) Chrome/147.0.0.0 Safari/537.36" "-"
122.181.102.5 - - [03/May/2026:19:13:38 +0200] "GET /wp-includes/js/jquery/jquery.min.js?ver=3.7.1 HTTP/1.1" 200 29782 "https://cyberelite.in/wp-login.php?redirect_to=https%3A%2F%2Fcyberelite.in%2Fwp-admin%2Fadmin.php%3Fpage%3Drank-math-redirections&reauth=1" "Mozilla/5.0 (Macintosh; Intel Mac OS X 10_15_7) AppleWebKit/537.36 (KHTML, like Gecko) Chrome/147.0.0.0 Safari/537.36" "-"
122.181.102.5 - - [03/May/2026:19:13:38 +0200] "GET /wp-includes/js/dist/hooks.min.js?ver=dd5603f07f9220ed27f1 HTTP/1.1" 200 1865 "https://cyberelite.in/wp-login.php?redirect_to=https%3A%2F%2Fcyberelite.in%2Fwp-admin%2Fadmin.php%3Fpage%3Drank-math-redirections&reauth=1" "Mozilla/5.0 (Macintosh; Intel Mac OS X 10_15_7) AppleWebKit/537.36 (KHTML, like Gecko) Chrome/147.0.0.0 Safari/537.36" "-"
122.181.102.5 - - [03/May/2026:19:13:38 +0200] "GET /wp-includes/js/jquery/jquery-migrate.min.js?ver=3.4.1 HTTP/1.1" 200 4692 "https://cyberelite.in/wp-login.php?redirect_to=https%3A%2F%2Fcyberelite.in%2Fwp-admin%2Fadmin.php%3Fpage%3Drank-math-redirections&reauth=1" "Mozilla/5.0 (Macintosh; Intel Mac OS X 10_15_7) AppleWebKit/537.36 (KHTML, like Gecko) Chrome/147.0.0.0 Safari/537.36" "-"
122.181.102.5 - - [03/May/2026:19:13:38 +0200] "GET /wp-content/uploads/2025/02/cropped-cyberelite-logo-32x32.png HTTP/1.1" 200 1684 "https://cyberelite.in/wp-login.php?redirect_to=https%3A%2F%2Fcyberelite.in%2Fwp-admin%2Fadmin.php%3Fpage%3Drank-math-redirections&reauth=1" "Mozilla/5.0 (Macintosh; Intel Mac OS X 10_15_7) AppleWebKit/537.36 (KHTML, like Gecko) Chrome/147.0.0.0 Safari/537.36" "-"
122.181.102.5 - - [03/May/2026:19:13:39 +0200] "GET /wp-includes/js/jquery/jquery.min.js?ver=3.7.1 HTTP/1.1" 200 29782 "-" "Mozilla/5.0 (Macintosh; Intel Mac OS X 10_15_7) AppleWebKit/537.36 (KHTML, like Gecko) Chrome/147.0.0.0 Safari/537.36" "-"
122.181.102.5 - - [03/May/2026:19:13:39 +0200] "GET /wp-includes/js/zxcvbn.min.js HTTP/1.1" 200 388423 "https://cyberelite.in/wp-login.php?redirect_to=https%3A%2F%2Fcyberelite.in%2Fwp-admin%2Fadmin.php%3Fpage%3Drank-math-redirections&reauth=1" "Mozilla/5.0 (Macintosh; Intel Mac OS X 10_15_7) AppleWebKit/537.36 (KHTML, like Gecko) Chrome/147.0.0.0 Safari/537.36" "-"
122.181.102.5 - - [03/May/2026:19:13:39 +0200] "GET /wp-includes/js/zxcvbn.min.js HTTP/1.1" 200 388423 "-" "Mozilla/5.0 (Macintosh; Intel Mac OS X 10_15_7) AppleWebKit/537.36 (KHTML, like Gecko) Chrome/147.0.0.0 Safari/537.36" "-"
74.7.227.170 - - [03/May/2026:19:13:44 +0200] "GET /wp-content/smush-webp/2025/01/android-chrome-512x512-1-100x100.png.webp.sorry HTTP/1.1" 415 435 "https://www.havishia.in/wp-content/smush-webp/2025/01/" "Mozilla/5.0 AppleWebKit/537.36 (KHTML, like Gecko; compatible; GPTBot/1.3; +https://openai.com/gptbot)" "-"
122.181.102.5 - - [03/May/2026:19:13:44 +0200] "POST /wp-login.php HTTP/1.1" 200 1959 "https://cyberelite.in/wp-login.php?redirect_to=https%3A%2F%2Fcyberelite.in%2Fwp-admin%2Fadmin.php%3Fpage%3Drank-math-redirections&reauth=1" "Mozilla/5.0 (Macintosh; Intel Mac OS X 10_15_7) AppleWebKit/537.36 (KHTML, like Gecko) Chrome/147.0.0.0 Safari/537.36" "-"
156.67.111.41 - - [03/May/2026:19:13:48 +0200] "POST /wp-admin/admin-ajax.php?action=as_async_request_queue_runner&nonce=2e5fad2d9c HTTP/1.1" 499 0 "-" "WordPress/6.9.4; https://amrutdrumcircle.com" "-"
156.67.111.41 - - [03/May/2026:19:13:48 +0200] "POST /wp-cron.php?doing_wp_cron=1777828428.0301001071929931640625 HTTP/1.1" 499 0 "-" "WordPress/6.9.4; https://amrutdrumcircle.com" "-"
122.181.102.5 - - [03/May/2026:19:13:48 +0200] "POST /wp-admin/admin-ajax.php HTTP/1.1" 200 62 "https://amrutdrumcircle.com/wp-admin/admin.php?page=googlesitekit-splash" "Mozilla/5.0 (Macintosh; Intel Mac OS X 10_15_7) AppleWebKit/537.36 (KHTML, like Gecko) Chrome/147.0.0.0 Safari/537.36" "-"
40.77.167.151 - - [03/May/2026:19:13:54 +0200] "GET / HTTP/1.1" 302 0 "-" "Mozilla/5.0 AppleWebKit/537.36 (KHTML, like Gecko; compatible; bingbot/2.0; +http://www.bing.com/bingbot.htm) Chrome/116.0.1938.76 Safari/537.36" "-"
40.77.167.151 - - [03/May/2026:19:13:57 +0200] "GET /wp-admin/setup-config.php HTTP/1.1" 200 3750 "-" "Mozilla/5.0 AppleWebKit/537.36 (KHTML, like Gecko; compatible; bingbot/2.0; +http://www.bing.com/bingbot.htm) Chrome/116.0.1938.76 Safari/537.36" "-"
74.7.241.23 - - [03/May/2026:19:14:15 +0200] "GET /development/wp-content/plugins/woocommerce/src/StoreApi/Routes/V1/ProductAttributes.php.sorry HTTP/1.1" 415 435 "https://www.havishia.in.156-67-111-41.cpanel.site/development/wp-content/plugins/woocommerce/src/StoreApi/Routes/V1/" "Mozilla/5.0 AppleWebKit/537.36 (KHTML, like Gecko; compatible; GPTBot/1.3; +https://openai.com/gptbot)" "-"
152.59.31.18 - - [03/May/2026:19:14:20 +0200] "GET /wp-login.php?wfls-email-verification=7LmFPzz186Fm%2FUuhgdow4%2Fz2htY5tLu54J447fHZJ9MEGXRol4gnO8fZ4PYcsCkOs1uS0OQg9QnGWwUI9J6Qow%3D%3D HTTP/1.1" 500 0 "android-app://com.google.android.gm/" "Mozilla/5.0 (Linux; Android 10; K) AppleWebKit/537.36 (KHTML, like Gecko) Chrome/147.0.0.0 Mobile Safari/537.36" "-"
40.77.167.151 - - [03/May/2026:19:14:23 +0200] "GET /wp-admin/css/install.min.css?ver=6.9.4 HTTP/1.1" 200 1603 "https://dronomaticaviation.com/wp-admin/setup-config.php" "Mozilla/5.0 AppleWebKit/537.36 (KHTML, like Gecko; compatible; bingbot/2.0; +http://www.bing.com/bingbot.htm) Chrome/136.0.0.0 Safari/537.36 AppleWebKit/537.36 (KHTML, like Gecko; compatible; bingbot/2.0; +http://www.bing.com/bingbot.htm) Chrome/116.0.1938.76 Safari/537.36" "-"
40.77.167.151 - - [03/May/2026:19:14:23 +0200] "GET /wp-admin/css/forms.min.css?ver=6.9.4 HTTP/1.1" 200 6341 "https://dronomaticaviation.com/wp-admin/setup-config.php" "Mozilla/5.0 AppleWebKit/537.36 (KHTML, like Gecko; compatible; bingbot/2.0; +http://www.bing.com/bingbot.htm) Chrome/136.0.0.0 Safari/537.36 AppleWebKit/537.36 (KHTML, like Gecko; compatible; bingbot/2.0; +http://www.bing.com/bingbot.htm) Chrome/116.0.1938.76 Safari/537.36" "-"
40.77.167.151 - - [03/May/2026:19:14:23 +0200] "GET /wp-includes/js/jquery/jquery-migrate.min.js?ver=3.4.1 HTTP/1.1" 200 4692 "https://dronomaticaviation.com/wp-admin/setup-config.php" "Mozilla/5.0 AppleWebKit/537.36 (KHTML, like Gecko; compatible; bingbot/2.0; +http://www.bing.com/bingbot.htm) Chrome/136.0.0.0 Safari/537.36 AppleWebKit/537.36 (KHTML, like Gecko; compatible; bingbot/2.0; +http://www.bing.com/bingbot.htm) Chrome/116.0.1938.76 Safari/537.36" "-"
66.249.84.99 - - [03/May/2026:19:14:24 +0200] "GET /signature/image/twitter-bg.png HTTP/1.1" 404 212 "-" "Mozilla/5.0 (Windows NT 5.1; rv:11.0) Gecko Firefox/11.0 (via ggpht.com GoogleImageProxy)" "-"
66.249.84.99 - - [03/May/2026:19:14:24 +0200] "GET /signature/image/namit.png HTTP/1.1" 404 212 "-" "Mozilla/5.0 (Windows NT 5.1; rv:11.0) Gecko Firefox/11.0 (via ggpht.com GoogleImageProxy)" "-"
66.249.84.98 - - [03/May/2026:19:14:24 +0200] "GET /signature/image/linkedin-bg.png HTTP/1.1" 404 212 "-" "Mozilla/5.0 (Windows NT 5.1; rv:11.0) Gecko Firefox/11.0 (via ggpht.com GoogleImageProxy)" "-"
66.249.84.100 - - [03/May/2026:19:14:24 +0200] "GET /signature/image/facebook-bg.png HTTP/1.1" 404 212 "-" "Mozilla/5.0 (Windows NT 5.1; rv:11.0) Gecko Firefox/11.0 (via ggpht.com GoogleImageProxy)" "-"
66.249.84.98 - - [03/May/2026:19:14:24 +0200] "GET /signature/image/ce.png HTTP/1.1" 404 212 "-" "Mozilla/5.0 (Windows NT 5.1; rv:11.0) Gecko Firefox/11.0 (via ggpht.com GoogleImageProxy)" "-"
66.249.84.98 - - [03/May/2026:19:14:24 +0200] "GET /signature/image/instagram-bg.png HTTP/1.1" 404 212 "-" "Mozilla/5.0 (Windows NT 5.1; rv:11.0) Gecko Firefox/11.0 (via ggpht.com GoogleImageProxy)" "-"
152.59.31.18 - - [03/May/2026:19:14:24 +0200] "GET /wp-login.php?wfls-email-verification=7LmFPzz186Fm%2FUuhgdow4%2Fz2htY5tLu54J447fHZJ9MEGXRol4gnO8fZ4PYcsCkOs1uS0OQg9QnGWwUI9J6Qow%3D%3D HTTP/1.1" 500 0 "android-app://com.google.android.gm/" "Mozilla/5.0 (Linux; Android 10; K) AppleWebKit/537.36 (KHTML, like Gecko) Chrome/147.0.0.0 Mobile Safari/537.36" "-"
66.249.84.98 - - [03/May/2026:19:14:24 +0200] "GET /signature/image/linkedin-bg.png HTTP/1.1" 404 212 "-" "Mozilla/5.0 (Windows NT 5.1; rv:11.0) Gecko Firefox/11.0 (via ggpht.com GoogleImageProxy)" "-"
66.249.84.99 - - [03/May/2026:19:14:24 +0200] "GET /signature/image/namit.png HTTP/1.1" 404 212 "-" "Mozilla/5.0 (Windows NT 5.1; rv:11.0) Gecko Firefox/11.0 (via ggpht.com GoogleImageProxy)" "-"
66.249.84.99 - - [03/May/2026:19:14:24 +0200] "GET /signature/image/twitter-bg.png HTTP/1.1" 404 212 "-" "Mozilla/5.0 (Windows NT 5.1; rv:11.0) Gecko Firefox/11.0 (via ggpht.com GoogleImageProxy)" "-"
66.249.84.100 - - [03/May/2026:19:14:24 +0200] "GET /signature/image/facebook-bg.png HTTP/1.1" 404 212 "-" "Mozilla/5.0 (Windows NT 5.1; rv:11.0) Gecko Firefox/11.0 (via ggpht.com GoogleImageProxy)" "-"
66.249.84.99 - - [03/May/2026:19:14:25 +0200] "GET /signature/image/instagram-bg.png HTTP/1.1" 404 212 "-" "Mozilla/5.0 (Windows NT 5.1; rv:11.0) Gecko Firefox/11.0 (via ggpht.com GoogleImageProxy)" "-"
66.249.84.99 - - [03/May/2026:19:14:25 +0200] "GET /signature/image/ce.png HTTP/1.1" 404 212 "-" "Mozilla/5.0 (Windows NT 5.1; rv:11.0) Gecko Firefox/11.0 (via ggpht.com GoogleImageProxy)" "-"
66.249.84.100 - - [03/May/2026:19:14:25 +0200] "GET /signature/image/twitter-bg.png HTTP/1.1" 404 212 "-" "Mozilla/5.0 (Windows NT 5.1; rv:11.0) Gecko Firefox/11.0 (via ggpht.com GoogleImageProxy)" "-"
66.249.84.98 - - [03/May/2026:19:14:25 +0200] "GET /signature/image/instagram-bg.png HTTP/1.1" 404 212 "-" "Mozilla/5.0 (Windows NT 5.1; rv:11.0) Gecko Firefox/11.0 (via ggpht.com GoogleImageProxy)" "-"
66.249.84.98 - - [03/May/2026:19:14:25 +0200] "GET /signature/image/linkedin-bg.png HTTP/1.1" 404 212 "-" "Mozilla/5.0 (Windows NT 5.1; rv:11.0) Gecko Firefox/11.0 (via ggpht.com GoogleImageProxy)" "-"
66.249.84.100 - - [03/May/2026:19:14:26 +0200] "GET /signature/image/ce.png HTTP/1.1" 404 212 "-" "Mozilla/5.0 (Windows NT 5.1; rv:11.0) Gecko Firefox/11.0 (via ggpht.com GoogleImageProxy)" "-"
66.249.84.100 - - [03/May/2026:19:14:26 +0200] "GET /signature/image/namit.png HTTP/1.1" 404 212 "-" "Mozilla/5.0 (Windows NT 5.1; rv:11.0) Gecko Firefox/11.0 (via ggpht.com GoogleImageProxy)" "-"
66.249.84.100 - - [03/May/2026:19:14:26 +0200] "GET /signature/image/facebook-bg.png HTTP/1.1" 404 212 "-" "Mozilla/5.0 (Windows NT 5.1; rv:11.0) Gecko Firefox/11.0 (via ggpht.com GoogleImageProxy)" "-"
66.249.84.100 - - [03/May/2026:19:14:26 +0200] "GET /signature/image/twitter-bg.png HTTP/1.1" 404 212 "-" "Mozilla/5.0 (Windows NT 5.1; rv:11.0) Gecko Firefox/11.0 (via ggpht.com GoogleImageProxy)" "-"
66.249.84.98 - - [03/May/2026:19:14:26 +0200] "GET /signature/image/instagram-bg.png HTTP/1.1" 404 212 "-" "Mozilla/5.0 (Windows NT 5.1; rv:11.0) Gecko Firefox/11.0 (via ggpht.com GoogleImageProxy)" "-"
157.55.39.57 - - [03/May/2026:19:14:26 +0200] "GET /wp-includes/css/dashicons.min.css?ver=6.9.4 HTTP/1.1" 200 35114 "https://dronomaticaviation.com/wp-admin/setup-config.php" "Mozilla/5.0 AppleWebKit/537.36 (KHTML, like Gecko; compatible; bingbot/2.0; +http://www.bing.com/bingbot.htm) Chrome/136.0.0.0 Safari/537.36 AppleWebKit/537.36 (KHTML, like Gecko; compatible; bingbot/2.0; +http://www.bing.com/bingbot.htm) Chrome/116.0.1938.76 Safari/537.36" "-"
66.249.84.100 - - [03/May/2026:19:14:26 +0200] "GET /signature/image/linkedin-bg.png HTTP/1.1" 404 212 "-" "Mozilla/5.0 (Windows NT 5.1; rv:11.0) Gecko Firefox/11.0 (via ggpht.com GoogleImageProxy)" "-"
66.249.84.99 - - [03/May/2026:19:14:26 +0200] "GET /signature/image/namit.png HTTP/1.1" 404 212 "-" "Mozilla/5.0 (Windows NT 5.1; rv:11.0) Gecko Firefox/11.0 (via ggpht.com GoogleImageProxy)" "-"
66.249.84.100 - - [03/May/2026:19:14:26 +0200] "GET /signature/image/facebook-bg.png HTTP/1.1" 404 212 "-" "Mozilla/5.0 (Windows NT 5.1; rv:11.0) Gecko Firefox/11.0 (via ggpht.com GoogleImageProxy)" "-"
66.249.84.98 - - [03/May/2026:19:14:26 +0200] "GET /signature/image/ce.png HTTP/1.1" 404 212 "-" "Mozilla/5.0 (Windows NT 5.1; rv:11.0) Gecko Firefox/11.0 (via ggpht.com GoogleImageProxy)" "-"
40.77.167.61 - - [03/May/2026:19:14:27 +0200] "GET /wp-admin/css/l10n.min.css?ver=6.9.4 HTTP/1.1" 200 688 "https://dronomaticaviation.com/wp-admin/setup-config.php" "Mozilla/5.0 AppleWebKit/537.36 (KHTML, like Gecko; compatible; bingbot/2.0; +http://www.bing.com/bingbot.htm) Chrome/136.0.0.0 Safari/537.36 AppleWebKit/537.36 (KHTML, like Gecko; compatible; bingbot/2.0; +http://www.bing.com/bingbot.htm) Chrome/116.0.1938.76 Safari/537.36" "-"
40.77.167.61 - - [03/May/2026:19:14:27 +0200] "GET /wp-includes/css/buttons.min.css?ver=6.9.4 HTTP/1.1" 200 1287 "https://dronomaticaviation.com/wp-admin/setup-config.php" "Mozilla/5.0 AppleWebKit/537.36 (KHTML, like Gecko; compatible; bingbot/2.0; +http://www.bing.com/bingbot.htm) Chrome/136.0.0.0 Safari/537.36 AppleWebKit/537.36 (KHTML, like Gecko; compatible; bingbot/2.0; +http://www.bing.com/bingbot.htm) Chrome/116.0.1938.76 Safari/537.36" "-"
157.55.39.57 - - [03/May/2026:19:14:37 +0200] "GET /wp-includes/js/jquery/jquery.min.js?ver=3.7.1 HTTP/1.1" 200 29782 "https://dronomaticaviation.com/wp-admin/setup-config.php" "Mozilla/5.0 AppleWebKit/537.36 (KHTML, like Gecko; compatible; bingbot/2.0; +http://www.bing.com/bingbot.htm) Chrome/136.0.0.0 Safari/537.36 AppleWebKit/537.36 (KHTML, like Gecko; compatible; bingbot/2.0; +http://www.bing.com/bingbot.htm) Chrome/116.0.1938.76 Safari/537.36" "-"
66.249.84.100 - - [03/May/2026:19:14:37 +0200] "GET /signature/image/ce.png HTTP/1.1" 404 212 "-" "Mozilla/5.0 (Windows NT 5.1; rv:11.0) Gecko Firefox/11.0 (via ggpht.com GoogleImageProxy)" "-"
66.249.84.98 - - [03/May/2026:19:14:37 +0200] "GET /signature/image/namit.png HTTP/1.1" 404 212 "-" "Mozilla/5.0 (Windows NT 5.1; rv:11.0) Gecko Firefox/11.0 (via ggpht.com GoogleImageProxy)" "-"
66.249.84.98 - - [03/May/2026:19:14:37 +0200] "GET /signature/image/linkedin-bg.png HTTP/1.1" 404 212 "-" "Mozilla/5.0 (Windows NT 5.1; rv:11.0) Gecko Firefox/11.0 (via ggpht.com GoogleImageProxy)" "-"
66.249.84.99 - - [03/May/2026:19:14:37 +0200] "GET /signature/image/twitter-bg.png HTTP/1.1" 404 212 "-" "Mozilla/5.0 (Windows NT 5.1; rv:11.0) Gecko Firefox/11.0 (via ggpht.com GoogleImageProxy)" "-"
157.55.39.57 - - [03/May/2026:19:14:37 +0200] "GET /wp-admin/js/language-chooser.min.js?ver=6.9.4 HTTP/1.1" 200 224 "https://dronomaticaviation.com/wp-admin/setup-config.php" "Mozilla/5.0 AppleWebKit/537.36 (KHTML, like Gecko; compatible; bingbot/2.0; +http://www.bing.com/bingbot.htm) Chrome/136.0.0.0 Safari/537.36 AppleWebKit/537.36 (KHTML, like Gecko; compatible; bingbot/2.0; +http://www.bing.com/bingbot.htm) Chrome/116.0.1938.76 Safari/537.36" "-"
66.249.84.99 - - [03/May/2026:19:14:37 +0200] "GET /signature/image/instagram-bg.png HTTP/1.1" 404 212 "-" "Mozilla/5.0 (Windows NT 5.1; rv:11.0) Gecko Firefox/11.0 (via ggpht.com GoogleImageProxy)" "-"
74.7.243.202 - - [03/May/2026:19:14:37 +0200] "GET /admin_assets/js/ckeditor/plugins/smiley/images/wink_smile.png.sorry HTTP/1.1" 415 435 "https://www.amruttbhatt.com.156-67-111-41.cpanel.site/admin_assets/js/ckeditor/plugins/smiley/images/" "Mozilla/5.0 AppleWebKit/537.36 (KHTML, like Gecko; compatible; GPTBot/1.3; +https://openai.com/gptbot)" "-"
66.249.84.98 - - [03/May/2026:19:14:37 +0200] "GET /signature/image/facebook-bg.png HTTP/1.1" 404 212 "-" "Mozilla/5.0 (Windows NT 5.1; rv:11.0) Gecko Firefox/11.0 (via ggpht.com GoogleImageProxy)" "-"
122.181.102.5 - - [03/May/2026:19:14:41 +0200] "POST /wp-login.php HTTP/1.1" 500 0 "https://cyberelite.in/wp-login.php" "Mozilla/5.0 (Macintosh; Intel Mac OS X 10_15_7) AppleWebKit/537.36 (KHTML, like Gecko) Chrome/147.0.0.0 Safari/537.36" "-"
122.181.102.5 - - [03/May/2026:19:14:42 +0200] "POST /wp-admin/admin-ajax.php HTTP/1.1" 200 62 "https://amrutdrumcircle.com/wp-admin/admin.php?page=rank-math-analytics" "Mozilla/5.0 (Macintosh; Intel Mac OS X 10_15_7) AppleWebKit/537.36 (KHTML, like Gecko) Chrome/147.0.0.0 Safari/537.36" "-"
122.181.102.5 - - [03/May/2026:19:14:44 +0200] "GET /wp-login.php HTTP/1.1" 500 0 "-" "Mozilla/5.0 (Macintosh; Intel Mac OS X 10_15_7) AppleWebKit/537.36 (KHTML, like Gecko) Chrome/147.0.0.0 Safari/537.36" "-"
122.181.102.5 - - [03/May/2026:19:14:46 +0200] "POST /wp-admin/admin-ajax.php HTTP/1.1" 500 0 "https://cyberelite.in/wp-admin/" "Mozilla/5.0 (Macintosh; Intel Mac OS X 10_15_7) AppleWebKit/537.36 (KHTML, like Gecko) Chrome/146.0.0.0 Safari/537.36" "-"
74.7.227.170 - - [03/May/2026:19:14:50 +0200] "GET /development/wp-content/plugins/woocommerce/i18n/countries.php.sorry HTTP/1.1" 415 435 "https://www.havishia.in/development/wp-content/plugins/woocommerce/i18n/" "Mozilla/5.0 AppleWebKit/537.36 (KHTML, like Gecko; compatible; GPTBot/1.3; +https://openai.com/gptbot)" "-"
122.181.102.5 - - [03/May/2026:19:15:01 +0200] "GET /wp-login.php HTTP/1.1" 500 0 "-" "Mozilla/5.0 (Macintosh; Intel Mac OS X 10_15_7) AppleWebKit/537.36 (KHTML, like Gecko) Chrome/147.0.0.0 Safari/537.36" "-"
122.181.102.5 - - [03/May/2026:19:15:02 +0200] "GET /wp-login.php HTTP/1.1" 500 0 "-" "Mozilla/5.0 (Macintosh; Intel Mac OS X 10_15_7) AppleWebKit/537.36 (KHTML, like Gecko) Chrome/147.0.0.0 Safari/537.36" "-"
127.0.0.1 - - [03/May/2026:19:15:03 +0200] "GET /whm-server-status HTTP/1.0" 301 162 "-" "-" "-"
122.181.102.5 - - [03/May/2026:19:15:03 +0200] "GET /wp-login.php HTTP/1.1" 500 0 "-" "Mozilla/5.0 (Macintosh; Intel Mac OS X 10_15_7) AppleWebKit/537.36 (KHTML, like Gecko) Chrome/147.0.0.0 Safari/537.36" "-"
122.181.102.5 - - [03/May/2026:19:15:04 +0200] "GET /wp-login.php HTTP/1.1" 500 0 "-" "Mozilla/5.0 (Macintosh; Intel Mac OS X 10_15_7) AppleWebKit/537.36 (KHTML, like Gecko) Chrome/147.0.0.0 Safari/537.36" "-"
45.168.42.160 - - [03/May/2026:19:15:15 +0200] "GET /blog/maximizing-business-potential-with-salesforce-development-services/staffing.html HTTP/1.1" 500 0 "-" "Mozilla/5.0 (Windows NT 6.1; WOW64) AppleWebKit/537.36 (KHTML, like Gecko) Chrome/69.0.0.3016 Safari/537.36" "-"
74.7.241.23 - - [03/May/2026:19:15:17 +0200] "GET /wp-content/plugins/wp-file-manager/js/ HTTP/1.1" 415 435 "https://www.havishia.in.156-67-111-41.cpanel.site/wp-content/plugins/wp-file-manager/" "Mozilla/5.0 AppleWebKit/537.36 (KHTML, like Gecko; compatible; GPTBot/1.3; +https://openai.com/gptbot)" "-"
78.46.190.63 - - [03/May/2026:19:15:40 +0200] "HEAD / HTTP/1.1" 500 0 "http://www.cyberelite.in" "Mozilla/5.0+(compatible; UptimeRobot/2.0; http://www.uptimerobot.com/)" "-"
74.7.243.202 - - [03/May/2026:19:15:41 +0200] "GET /admin_assets/js/ckeditor/plugins/smiley/images/tongue_smile.gif.sorry HTTP/1.1" 415 435 "https://www.amruttbhatt.com.156-67-111-41.cpanel.site/admin_assets/js/ckeditor/plugins/smiley/images/" "Mozilla/5.0 AppleWebKit/537.36 (KHTML, like Gecko; compatible; GPTBot/1.3; +https://openai.com/gptbot)" "-"
122.181.102.5 - - [03/May/2026:19:15:47 +0200] "POST /wp-admin/admin-ajax.php HTTP/1.1" 500 0 "https://amrutdrumcircle.com/wp-admin/admin.php?page=googlesitekit-splash" "Mozilla/5.0 (Macintosh; Intel Mac OS X 10_15_7) AppleWebKit/537.36 (KHTML, like Gecko) Chrome/147.0.0.0 Safari/537.36" "-"
74.7.227.170 - - [03/May/2026:19:15:54 +0200] "GET /development/wp-content/plugins/woocommerce/i18n/continents.php.sorry HTTP/1.1" 415 435 "https://www.havishia.in/development/wp-content/plugins/woocommerce/i18n/" "Mozilla/5.0 AppleWebKit/537.36 (KHTML, like Gecko; compatible; GPTBot/1.3; +https://openai.com/gptbot)" "-"
63.178.84.147 - - [03/May/2026:19:16:05 +0200] "GET / HTTP/1.1" 500 0 "http://www.cyberelite.in" "Mozilla/5.0+(compatible; UptimeRobot/2.0; http://www.uptimerobot.com/)" "-"
122.181.102.5 - - [03/May/2026:19:16:08 +0200] "GET /wp-admin/admin-ajax.php?action=pa_check_unused_widgets&security=29ca5441e0 HTTP/1.1" 500 0 "https://cyberelite.in/wp-admin/post.php?post=3061&action=elementor" "Mozilla/5.0 (Macintosh; Intel Mac OS X 10_15_7) AppleWebKit/537.36 (KHTML, like Gecko) Chrome/146.0.0.0 Safari/537.36" "-"
74.7.241.23 - - [03/May/2026:19:16:24 +0200] "GET /wp-content/plugins/woo-bulk-editor/ext/calculator/assets/ HTTP/1.1" 415 435 "https://www.havishia.in.156-67-111-41.cpanel.site/wp-content/plugins/woo-bulk-editor/ext/calculator/" "Mozilla/5.0 AppleWebKit/537.36 (KHTML, like Gecko; compatible; GPTBot/1.3; +https://openai.com/gptbot)" "-"
122.181.102.5 - - [03/May/2026:19:16:24 +0200] "GET / HTTP/1.1" 500 0 "-" "Mozilla/5.0 (Macintosh; Intel Mac OS X 10_15_7) AppleWebKit/537.36 (KHTML, like Gecko) Chrome/146.0.0.0 Safari/537.36" "-"
122.181.102.5 - - [03/May/2026:19:16:25 +0200] "GET / HTTP/1.1" 500 0 "-" "Mozilla/5.0 (Macintosh; Intel Mac OS X 10_15_7) AppleWebKit/537.36 (KHTML, like Gecko) Chrome/146.0.0.0 Safari/537.36" "-"
78.47.98.55 - - [03/May/2026:19:16:30 +0200] "GET / HTTP/1.1" 500 0 "http://www.cyberelite.in" "Mozilla/5.0+(compatible; UptimeRobot/2.0; http://www.uptimerobot.com/)" "-"
122.181.102.5 - - [03/May/2026:19:16:43 +0200] "POST /wp-admin/admin-ajax.php HTTP/1.1" 500 0 "https://amrutdrumcircle.com/wp-admin/admin.php?page=rank-math-analytics" "Mozilla/5.0 (Macintosh; Intel Mac OS X 10_15_7) AppleWebKit/537.36 (KHTML, like Gecko) Chrome/147.0.0.0 Safari/537.36" "-"
74.7.243.202 - - [03/May/2026:19:16:46 +0200] "GET /admin_assets/js/demo_pages/charts/google/bubbles/bubble_gradient.js.sorry HTTP/1.1" 415 435 "https://www.amruttbhatt.com.156-67-111-41.cpanel.site/admin_assets/js/demo_pages/charts/google/bubbles/" "Mozilla/5.0 AppleWebKit/537.36 (KHTML, like Gecko; compatible; GPTBot/1.3; +https://openai.com/gptbot)" "-"
122.181.102.5 - - [03/May/2026:19:16:47 +0200] "POST /wp-admin/admin-ajax.php HTTP/1.1" 500 0 "https://cyberelite.in/wp-admin/" "Mozilla/5.0 (Macintosh; Intel Mac OS X 10_15_7) AppleWebKit/537.36 (KHTML, like Gecko) Chrome/146.0.0.0 Safari/537.36" "-"
74.7.227.170 - - [03/May/2026:19:17:01 +0200] "GET /development/wp-content/plugins/woocommerce/i18n/states.php.sorry HTTP/1.1" 415 435 "https://www.havishia.in/development/wp-content/plugins/woocommerce/i18n/" "Mozilla/5.0 AppleWebKit/537.36 (KHTML, like Gecko; compatible; GPTBot/1.3; +https://openai.com/gptbot)" "-"
122.181.102.5 - - [03/May/2026:19:17:23 +0200] "GET /wp-login.php HTTP/1.1" 500 0 "-" "Mozilla/5.0 (Macintosh; Intel Mac OS X 10_15_7) AppleWebKit/537.36 (KHTML, like Gecko) Chrome/147.0.0.0 Safari/537.36" "-"
122.181.102.5 - - [03/May/2026:19:17:23 +0200] "GET /wp-login.php HTTP/1.1" 500 0 "-" "Mozilla/5.0 (Macintosh; Intel Mac OS X 10_15_7) AppleWebKit/537.36 (KHTML, like Gecko) Chrome/147.0.0.0 Safari/537.36" "-"
122.181.102.5 - - [03/May/2026:19:17:24 +0200] "GET /wp-login.php HTTP/1.1" 500 0 "-" "Mozilla/5.0 (Macintosh; Intel Mac OS X 10_15_7) AppleWebKit/537.36 (KHTML, like Gecko) Chrome/147.0.0.0 Safari/537.36" "-"
122.181.102.5 - - [03/May/2026:19:17:24 +0200] "GET /wp-login.php HTTP/1.1" 500 0 "-" "Mozilla/5.0 (Macintosh; Intel Mac OS X 10_15_7) AppleWebKit/537.36 (KHTML, like Gecko) Chrome/147.0.0.0 Safari/537.36" "-"
103.108.58.177 - - [03/May/2026:19:17:24 +0200] "GET / HTTP/1.1" 200 3361 "-" "FaviconHash-API/1.0" "-"
122.181.102.5 - - [03/May/2026:19:17:24 +0200] "GET /wp-login.php HTTP/1.1" 500 0 "-" "Mozilla/5.0 (Macintosh; Intel Mac OS X 10_15_7) AppleWebKit/537.36 (KHTML, like Gecko) Chrome/147.0.0.0 Safari/537.36" "-"
122.181.102.5 - - [03/May/2026:19:17:27 +0200] "GET /wp-admin/setup-config.php HTTP/1.1" 500 0 "-" "Mozilla/5.0 (Macintosh; Intel Mac OS X 10_15_7) AppleWebKit/537.36 (KHTML, like Gecko) Chrome/147.0.0.0 Safari/537.36" "-"
74.7.241.23 - - [03/May/2026:19:17:29 +0200] "GET /development/wp-content/plugins/woo-bulk-editor/assets/js/ HTTP/1.1" 415 435 "https://www.havishia.in.156-67-111-41.cpanel.site/development/wp-content/plugins/woo-bulk-editor/assets/" "Mozilla/5.0 AppleWebKit/537.36 (KHTML, like Gecko; compatible; GPTBot/1.3; +https://openai.com/gptbot)" "-"
122.181.102.5 - - [03/May/2026:19:17:29 +0200] "GET /wp-admin/setup-config.php HTTP/1.1" 500 0 "-" "Mozilla/5.0 (Macintosh; Intel Mac OS X 10_15_7) AppleWebKit/537.36 (KHTML, like Gecko) Chrome/147.0.0.0 Safari/537.36" "-"
122.181.102.5 - - [03/May/2026:19:17:36 +0200] "GET / HTTP/1.1" 500 0 "-" "Mozilla/5.0 (Macintosh; Intel Mac OS X 10_15_7) AppleWebKit/537.36 (KHTML, like Gecko) Chrome/147.0.0.0 Safari/537.36" "-"
122.181.102.5 - - [03/May/2026:19:17:38 +0200] "GET / HTTP/1.1" 500 0 "-" "Mozilla/5.0 (Macintosh; Intel Mac OS X 10_15_7) AppleWebKit/537.36 (KHTML, like Gecko) Chrome/147.0.0.0 Safari/537.36" "-"
122.181.102.5 - - [03/May/2026:19:17:38 +0200] "GET / HTTP/1.1" 500 0 "-" "Mozilla/5.0 (Macintosh; Intel Mac OS X 10_15_7) AppleWebKit/537.36 (KHTML, like Gecko) Chrome/147.0.0.0 Safari/537.36" "-"
122.181.102.5 - - [03/May/2026:19:17:39 +0200] "GET / HTTP/1.1" 500 0 "-" "Mozilla/5.0 (Macintosh; Intel Mac OS X 10_15_7) AppleWebKit/537.36 (KHTML, like Gecko) Chrome/147.0.0.0 Safari/537.36" "-"
74.7.243.202 - - [03/May/2026:19:17:47 +0200] "GET /admin_assets/js/ckeditor/plugins/smiley/images/broken_heart.gif.sorry HTTP/1.1" 415 435 "https://www.amruttbhatt.com.156-67-111-41.cpanel.site/admin_assets/js/ckeditor/plugins/smiley/images/" "Mozilla/5.0 AppleWebKit/537.36 (KHTML, like Gecko; compatible; GPTBot/1.3; +https://openai.com/gptbot)" "-"
122.181.102.5 - - [03/May/2026:19:17:48 +0200] "POST /wp-admin/admin-ajax.php HTTP/1.1" 500 0 "https://amrutdrumcircle.com/wp-admin/admin.php?page=googlesitekit-splash" "Mozilla/5.0 (Macintosh; Intel Mac OS X 10_15_7) AppleWebKit/537.36 (KHTML, like Gecko) Chrome/147.0.0.0 Safari/537.36" "-"
202.76.137.39 - - [03/May/2026:19:17:53 +0200] "GET /home/about HTTP/1.1" 404 355 "-" "Mozilla/5.0 (Windows NT 10.0; Win64; x64) AppleWebKit/537.36 (KHTML, like Gecko) Chrome/129.0.6668.29 Safari/537.36" "-"
74.7.227.170 - - [03/May/2026:19:18:01 +0200] "GET /development/wp-content/themes/twentytwentyfive/assets/fonts/literata/Literata72pt-ExtraBoldItalic.woff2 HTTP/1.1" 415 435 "https://www.havishia.in/development/wp-content/themes/twentytwentyfive/assets/fonts/literata/" "Mozilla/5.0 AppleWebKit/537.36 (KHTML, like Gecko; compatible; GPTBot/1.3; +https://openai.com/gptbot)" "-"
122.181.102.5 - - [03/May/2026:19:18:23 +0200] "GET / HTTP/1.1" 500 0 "-" "Mozilla/5.0 (Macintosh; Intel Mac OS X 10_15_7) AppleWebKit/537.36 (KHTML, like Gecko) Chrome/147.0.0.0 Safari/537.36" "-"
122.181.102.5 - - [03/May/2026:19:18:23 +0200] "GET / HTTP/1.1" 500 0 "-" "Mozilla/5.0 (Macintosh; Intel Mac OS X 10_15_7) AppleWebKit/537.36 (KHTML, like Gecko) Chrome/147.0.0.0 Safari/537.36" "-"
122.181.102.5 - - [03/May/2026:19:18:24 +0200] "GET / HTTP/1.1" 500 0 "-" "Mozilla/5.0 (Macintosh; Intel Mac OS X 10_15_7) AppleWebKit/537.36 (KHTML, like Gecko) Chrome/147.0.0.0 Safari/537.36" "-"
43.153.79.218 - - [03/May/2026:19:18:28 +0200] "GET /embed/ HTTP/1.1" 200 11806 "-" "Mozilla/5.0 (iPhone; CPU iPhone OS 13_2_3 like Mac OS X) AppleWebKit/605.1.15 (KHTML, like Gecko) Version/13.0.3 Mobile/15E148 Safari/604.1" "-"
74.7.241.23 - - [03/May/2026:19:18:34 +0200] "GET /development/wp-content/plugins/elementor/core/editor/loader/v2/js/editor-loader-v2.js.sorry HTTP/1.1" 415 435 "https://www.havishia.in.156-67-111-41.cpanel.site/development/wp-content/plugins/elementor/core/editor/loader/v2/js/" "Mozilla/5.0 AppleWebKit/537.36 (KHTML, like Gecko; compatible; GPTBot/1.3; +https://openai.com/gptbot)" "-"
122.181.102.5 - - [03/May/2026:19:18:43 +0200] "GET / HTTP/1.1" 500 0 "-" "Mozilla/5.0 (Macintosh; Intel Mac OS X 10_15_7) AppleWebKit/537.36 (KHTML, like Gecko) Chrome/146.0.0.0 Safari/537.36" "-"
122.181.102.5 - - [03/May/2026:19:18:44 +0200] "POST /wp-admin/admin-ajax.php HTTP/1.1" 500 0 "https://amrutdrumcircle.com/wp-admin/admin.php?page=rank-math-analytics" "Mozilla/5.0 (Macintosh; Intel Mac OS X 10_15_7) AppleWebKit/537.36 (KHTML, like Gecko) Chrome/147.0.0.0 Safari/537.36" "-"
122.181.102.5 - - [03/May/2026:19:18:48 +0200] "POST /wp-admin/admin-ajax.php HTTP/1.1" 500 0 "https://cyberelite.in/wp-admin/" "Mozilla/5.0 (Macintosh; Intel Mac OS X 10_15_7) AppleWebKit/537.36 (KHTML, like Gecko) Chrome/146.0.0.0 Safari/537.36" "-"
74.7.243.202 - - [03/May/2026:19:18:50 +0200] "GET /admin_assets/js/ckeditor/plugins/smiley/images/thumbs_down.png.sorry HTTP/1.1" 415 435 "https://www.amruttbhatt.com.156-67-111-41.cpanel.site/admin_assets/js/ckeditor/plugins/smiley/images/" "Mozilla/5.0 AppleWebKit/537.36 (KHTML, like Gecko; compatible; GPTBot/1.3; +https://openai.com/gptbot)" "-"
205.210.31.22 - - [03/May/2026:19:18:58 +0200] "GET / HTTP/1.1" 500 0 "-" "Hello from Palo Alto Networks, find out more about our scans in https://docs-cortex.paloaltonetworks.com/r/1/Cortex-Xpanse/Scanning-activity" "-"
74.7.227.170 - - [03/May/2026:19:19:02 +0200] "GET /development/wp-content/themes/twentytwentyfive/assets/fonts/literata/Literata72pt-RegularItalic.woff2 HTTP/1.1" 415 435 "https://www.havishia.in/development/wp-content/themes/twentytwentyfive/assets/fonts/literata/" "Mozilla/5.0 AppleWebKit/537.36 (KHTML, like Gecko; compatible; GPTBot/1.3; +https://openai.com/gptbot)" "-"
156.67.111.41 - - [03/May/2026:19:19:05 +0200] "POST /wp-cron.php?doing_wp_cron=1777828745.8803560733795166015625 HTTP/1.1" 499 0 "-" "WordPress/6.9.4; https://headley.in" "-"
122.181.102.5 - - [03/May/2026:19:19:05 +0200] "GET / HTTP/1.1" 200 25415 "-" "Mozilla/5.0 (Macintosh; Intel Mac OS X 10_15_7) AppleWebKit/537.36 (KHTML, like Gecko) Chrome/147.0.0.0 Safari/537.36" "-"
122.181.102.5 - - [03/May/2026:19:19:06 +0200] "GET /wp-content/plugins/phonepe-payment-solutions/style.css?ver=6.9.4 HTTP/1.1" 200 367 "https://headley.in/" "Mozilla/5.0 (Macintosh; Intel Mac OS X 10_15_7) AppleWebKit/537.36 (KHTML, like Gecko) Chrome/147.0.0.0 Safari/537.36" "-"
122.181.102.5 - - [03/May/2026:19:19:06 +0200] "GET /wp-content/themes/botiga/assets/css/woocommerce.min.css?ver=2.2.9 HTTP/1.1" 200 20182 "https://headley.in/" "Mozilla/5.0 (Macintosh; Intel Mac OS X 10_15_7) AppleWebKit/537.36 (KHTML, like Gecko) Chrome/147.0.0.0 Safari/537.36" "-"
122.181.102.5 - - [03/May/2026:19:19:06 +0200] "GET /wp-content/plugins/athemes-blocks/dist/blocks.style.build.css?ver=1.0.0 HTTP/1.1" 200 397 "https://headley.in/" "Mozilla/5.0 (Macintosh; Intel Mac OS X 10_15_7) AppleWebKit/537.36 (KHTML, like Gecko) Chrome/147.0.0.0 Safari/537.36" "-"
122.181.102.5 - - [03/May/2026:19:19:06 +0200] "GET /wp-content/plugins/instagram-feed/css/sbi-styles.min.css?ver=6.6.1 HTTP/1.1" 200 8462 "https://headley.in/" "Mozilla/5.0 (Macintosh; Intel Mac OS X 10_15_7) AppleWebKit/537.36 (KHTML, like Gecko) Chrome/147.0.0.0 Safari/537.36" "-"
122.181.102.5 - - [03/May/2026:19:19:06 +0200] "GET /wp-content/plugins/woocommerce/assets/client/blocks/wc-blocks.css?ver=wc-9.4.2 HTTP/1.1" 200 2355 "https://headley.in/" "Mozilla/5.0 (Macintosh; Intel Mac OS X 10_15_7) AppleWebKit/537.36 (KHTML, like Gecko) Chrome/147.0.0.0 Safari/537.36" "-"
122.181.102.5 - - [03/May/2026:19:19:06 +0200] "GET /wp-content/plugins/woo-product-slider/src/Frontend/assets/css/swiper.min.css?ver=2.8.3 HTTP/1.1" 200 4267 "https://headley.in/" "Mozilla/5.0 (Macintosh; Intel Mac OS X 10_15_7) AppleWebKit/537.36 (KHTML, like Gecko) Chrome/147.0.0.0 Safari/537.36" "-"
122.181.102.5 - - [03/May/2026:19:19:06 +0200] "GET /wp-content/plugins/woo-product-slider/src/Admin/assets/css/fontello.min.css?ver=2.8.3 HTTP/1.1" 200 691 "https://headley.in/" "Mozilla/5.0 (Macintosh; Intel Mac OS X 10_15_7) AppleWebKit/537.36 (KHTML, like Gecko) Chrome/147.0.0.0 Safari/537.36" "-"
122.181.102.5 - - [03/May/2026:19:19:06 +0200] "GET /wp-content/plugins/woo-product-slider/src/Frontend/assets/css/style.min.css?ver=2.8.3 HTTP/1.1" 200 2091 "https://headley.in/" "Mozilla/5.0 (Macintosh; Intel Mac OS X 10_15_7) AppleWebKit/537.36 (KHTML, like Gecko) Chrome/147.0.0.0 Safari/537.36" "-"
122.181.102.5 - - [03/May/2026:19:19:06 +0200] "GET /wp-content/themes/botiga/assets/css/botiga-bhfb.min.css?ver=2.2.9 HTTP/1.1" 200 1892 "https://headley.in/" "Mozilla/5.0 (Macintosh; Intel Mac OS X 10_15_7) AppleWebKit/537.36 (KHTML, like Gecko) Chrome/147.0.0.0 Safari/537.36" "-"
122.181.102.5 - - [03/May/2026:19:19:06 +0200] "GET /wp-content/themes/botiga/assets/css/styles.min.css?ver=2.2.9 HTTP/1.1" 200 19018 "https://headley.in/" "Mozilla/5.0 (Macintosh; Intel Mac OS X 10_15_7) AppleWebKit/537.36 (KHTML, like Gecko) Chrome/147.0.0.0 Safari/537.36" "-"
122.181.102.5 - - [03/May/2026:19:19:06 +0200] "GET /wp-content/fonts/737407c2d6d93803c2364938eda05596.css?ver=2.2.9 HTTP/1.1" 200 633 "https://headley.in/" "Mozilla/5.0 (Macintosh; Intel Mac OS X 10_15_7) AppleWebKit/537.36 (KHTML, like Gecko) Chrome/147.0.0.0 Safari/537.36" "-"
122.181.102.5 - - [03/May/2026:19:19:06 +0200] "GET /wp-content/plugins/woo-variation-swatches/assets/css/frontend.min.css?ver=1725004535 HTTP/1.1" 200 4319 "https://headley.in/" "Mozilla/5.0 (Macintosh; Intel Mac OS X 10_15_7) AppleWebKit/537.36 (KHTML, like Gecko) Chrome/147.0.0.0 Safari/537.36" "-"
122.181.102.5 - - [03/May/2026:19:19:06 +0200] "GET /wp-content/uploads/botiga/custom-styles.css?ver=1777827635 HTTP/1.1" 200 6671 "https://headley.in/" "Mozilla/5.0 (Macintosh; Intel Mac OS X 10_15_7) AppleWebKit/537.36 (KHTML, like Gecko) Chrome/147.0.0.0 Safari/537.36" "-"
122.181.102.5 - - [03/May/2026:19:19:06 +0200] "GET /wp-content/plugins/newsletter/style.css?ver=8.6.2 HTTP/1.1" 200 1343 "https://headley.in/" "Mozilla/5.0 (Macintosh; Intel Mac OS X 10_15_7) AppleWebKit/537.36 (KHTML, like Gecko) Chrome/147.0.0.0 Safari/537.36" "-"
122.181.102.5 - - [03/May/2026:19:19:06 +0200] "GET /wp-content/themes/botiga-child/style.css?ver=2.2.9 HTTP/1.1" 200 4473 "https://headley.in/" "Mozilla/5.0 (Macintosh; Intel Mac OS X 10_15_7) AppleWebKit/537.36 (KHTML, like Gecko) Chrome/147.0.0.0 Safari/537.36" "-"
122.181.102.5 - - [03/May/2026:19:19:06 +0200] "GET /wp-content/plugins/ml-slider/assets/sliders/flexslider/flexslider.css?ver=3.93.0 HTTP/1.1" 200 1027 "https://headley.in/" "Mozilla/5.0 (Macintosh; Intel Mac OS X 10_15_7) AppleWebKit/537.36 (KHTML, like Gecko) Chrome/147.0.0.0 Safari/537.36" "-"
122.181.102.5 - - [03/May/2026:19:19:06 +0200] "GET /wp-includes/js/jquery/jquery.min.js?ver=3.7.1 HTTP/1.1" 200 29782 "https://headley.in/" "Mozilla/5.0 (Macintosh; Intel Mac OS X 10_15_7) AppleWebKit/537.36 (KHTML, like Gecko) Chrome/147.0.0.0 Safari/537.36" "-"
122.181.102.5 - - [03/May/2026:19:19:06 +0200] "GET /wp-content/plugins/ml-slider/assets/metaslider/public.css?ver=3.93.0 HTTP/1.1" 200 2720 "https://headley.in/" "Mozilla/5.0 (Macintosh; Intel Mac OS X 10_15_7) AppleWebKit/537.36 (KHTML, like Gecko) Chrome/147.0.0.0 Safari/537.36" "-"
122.181.102.5 - - [03/May/2026:19:19:06 +0200] "GET /wp-includes/js/jquery/jquery-migrate.min.js?ver=3.4.1 HTTP/1.1" 200 4692 "https://headley.in/" "Mozilla/5.0 (Macintosh; Intel Mac OS X 10_15_7) AppleWebKit/537.36 (KHTML, like Gecko) Chrome/147.0.0.0 Safari/537.36" "-"
122.181.102.5 - - [03/May/2026:19:19:06 +0200] "GET /wp-content/plugins/woocommerce/assets/js/jquery-blockui/jquery.blockUI.min.js?ver=2.7.0-wc.9.4.2 HTTP/1.1" 200 3289 "https://headley.in/" "Mozilla/5.0 (Macintosh; Intel Mac OS X 10_15_7) AppleWebKit/537.36 (KHTML, like Gecko) Chrome/147.0.0.0 Safari/537.36" "-"
122.181.102.5 - - [03/May/2026:19:19:06 +0200] "GET /wp-content/plugins/phonepe-payment-solutions/js/fingerprint.js HTTP/1.1" 200 238 "https://headley.in/" "Mozilla/5.0 (Macintosh; Intel Mac OS X 10_15_7) AppleWebKit/537.36 (KHTML, like Gecko) Chrome/147.0.0.0 Safari/537.36" "-"
122.181.102.5 - - [03/May/2026:19:19:06 +0200] "GET /wp-content/uploads/2025/10/cropped-Headley-3D-logo.png HTTP/1.1" 404 212 "https://headley.in/" "Mozilla/5.0 (Macintosh; Intel Mac OS X 10_15_7) AppleWebKit/537.36 (KHTML, like Gecko) Chrome/147.0.0.0 Safari/537.36" "-"
122.181.102.5 - - [03/May/2026:19:19:06 +0200] "GET /wp-content/uploads/2024/05/headley-poster.webp HTTP/1.1" 200 50174 "https://headley.in/" "Mozilla/5.0 (Macintosh; Intel Mac OS X 10_15_7) AppleWebKit/537.36 (KHTML, like Gecko) Chrome/147.0.0.0 Safari/537.36" "-"
122.181.102.5 - - [03/May/2026:19:19:06 +0200] "GET /wp-content/uploads/2024/05/headley-india-poster-2.webp HTTP/1.1" 200 31892 "https://headley.in/" "Mozilla/5.0 (Macintosh; Intel Mac OS X 10_15_7) AppleWebKit/537.36 (KHTML, like Gecko) Chrome/147.0.0.0 Safari/537.36" "-"
122.181.102.5 - - [03/May/2026:19:19:06 +0200] "GET /wp-content/uploads/2024/05/headley-india-poster-3.webp HTTP/1.1" 200 42176 "https://headley.in/" "Mozilla/5.0 (Macintosh; Intel Mac OS X 10_15_7) AppleWebKit/537.36 (KHTML, like Gecko) Chrome/147.0.0.0 Safari/537.36" "-"
122.181.102.5 - - [03/May/2026:19:19:06 +0200] "GET /wp-content/plugins/instagram-feed/js/sbi-scripts.min.js?ver=6.6.1 HTTP/1.1" 200 6621 "https://headley.in/" "Mozilla/5.0 (Macintosh; Intel Mac OS X 10_15_7) AppleWebKit/537.36 (KHTML, like Gecko) Chrome/147.0.0.0 Safari/537.36" "-"
122.181.102.5 - - [03/May/2026:19:19:06 +0200] "GET /wp-content/plugins/phonepe-payment-solutions/js/fp.min.js HTTP/1.1" 200 269409 "https://headley.in/" "Mozilla/5.0 (Macintosh; Intel Mac OS X 10_15_7) AppleWebKit/537.36 (KHTML, like Gecko) Chrome/147.0.0.0 Safari/537.36" "-"
122.181.102.5 - - [03/May/2026:19:19:06 +0200] "GET /wp-content/themes/botiga/assets/js/custom.min.js?ver=2.2.9 HTTP/1.1" 200 7935 "https://headley.in/" "Mozilla/5.0 (Macintosh; Intel Mac OS X 10_15_7) AppleWebKit/537.36 (KHTML, like Gecko) Chrome/147.0.0.0 Safari/537.36" "-"
122.181.102.5 - - [03/May/2026:19:19:06 +0200] "GET /wp-content/themes/botiga/assets/js/botiga-gallery.min.js?ver=2.2.9 HTTP/1.1" 200 807 "https://headley.in/" "Mozilla/5.0 (Macintosh; Intel Mac OS X 10_15_7) AppleWebKit/537.36 (KHTML, like Gecko) Chrome/147.0.0.0 Safari/537.36" "-"
122.181.102.5 - - [03/May/2026:19:19:06 +0200] "GET /wp-includes/js/wp-util.min.js?ver=6.9.4 HTTP/1.1" 200 706 "https://headley.in/" "Mozilla/5.0 (Macintosh; Intel Mac OS X 10_15_7) AppleWebKit/537.36 (KHTML, like Gecko) Chrome/147.0.0.0 Safari/537.36" "-"
122.181.102.5 - - [03/May/2026:19:19:06 +0200] "GET /wp-includes/js/underscore.min.js?ver=1.13.7 HTTP/1.1" 200 7199 "https://headley.in/" "Mozilla/5.0 (Macintosh; Intel Mac OS X 10_15_7) AppleWebKit/537.36 (KHTML, like Gecko) Chrome/147.0.0.0 Safari/537.36" "-"
122.181.102.5 - - [03/May/2026:19:19:06 +0200] "GET /wp-includes/js/api-request.min.js?ver=6.9.4 HTTP/1.1" 200 543 "https://headley.in/" "Mozilla/5.0 (Macintosh; Intel Mac OS X 10_15_7) AppleWebKit/537.36 (KHTML, like Gecko) Chrome/147.0.0.0 Safari/537.36" "-"
122.181.102.5 - - [03/May/2026:19:19:06 +0200] "GET /wp-includes/js/dist/hooks.min.js?ver=dd5603f07f9220ed27f1 HTTP/1.1" 200 1865 "https://headley.in/" "Mozilla/5.0 (Macintosh; Intel Mac OS X 10_15_7) AppleWebKit/537.36 (KHTML, like Gecko) Chrome/147.0.0.0 Safari/537.36" "-"
122.181.102.5 - - [03/May/2026:19:19:06 +0200] "GET /wp-includes/js/dist/i18n.min.js?ver=c26c3dc7bed366793375 HTTP/1.1" 200 2132 "https://headley.in/" "Mozilla/5.0 (Macintosh; Intel Mac OS X 10_15_7) AppleWebKit/537.36 (KHTML, like Gecko) Chrome/147.0.0.0 Safari/537.36" "-"
122.181.102.5 - - [03/May/2026:19:19:06 +0200] "GET /wp-includes/js/dist/url.min.js?ver=9e178c9516d1222dc834 HTTP/1.1" 200 3660 "https://headley.in/" "Mozilla/5.0 (Macintosh; Intel Mac OS X 10_15_7) AppleWebKit/537.36 (KHTML, like Gecko) Chrome/147.0.0.0 Safari/537.36" "-"
122.181.102.5 - - [03/May/2026:19:19:06 +0200] "GET /wp-content/plugins/woo-variation-swatches/assets/js/frontend.min.js?ver=1725004535 HTTP/1.1" 200 3925 "https://headley.in/" "Mozilla/5.0 (Macintosh; Intel Mac OS X 10_15_7) AppleWebKit/537.36 (KHTML, like Gecko) Chrome/147.0.0.0 Safari/537.36" "-"
122.181.102.5 - - [03/May/2026:19:19:06 +0200] "GET /wp-includes/js/dist/api-fetch.min.js?ver=3a4d9af2b423048b0dee HTTP/1.1" 200 2316 "https://headley.in/" "Mozilla/5.0 (Macintosh; Intel Mac OS X 10_15_7) AppleWebKit/537.36 (KHTML, like Gecko) Chrome/147.0.0.0 Safari/537.36" "-"
122.181.102.5 - - [03/May/2026:19:19:06 +0200] "GET /wp-includes/js/dist/vendor/wp-polyfill.min.js?ver=3.15.0 HTTP/1.1" 200 11553 "https://headley.in/" "Mozilla/5.0 (Macintosh; Intel Mac OS X 10_15_7) AppleWebKit/537.36 (KHTML, like Gecko) Chrome/147.0.0.0 Safari/537.36" "-"
122.181.102.5 - - [03/May/2026:19:19:06 +0200] "GET /wp-content/plugins/woocommerce/assets/js/sourcebuster/sourcebuster.min.js?ver=9.4.2 HTTP/1.1" 200 4622 "https://headley.in/" "Mozilla/5.0 (Macintosh; Intel Mac OS X 10_15_7) AppleWebKit/537.36 (KHTML, like Gecko) Chrome/147.0.0.0 Safari/537.36" "-"
122.181.102.5 - - [03/May/2026:19:19:06 +0200] "GET /wp-content/fonts/mukta/iJWKBXyXfDDVXbnBrXw.woff2 HTTP/1.1" 200 20552 "https://headley.in/wp-content/fonts/737407c2d6d93803c2364938eda05596.css?ver=2.2.9" "Mozilla/5.0 (Macintosh; Intel Mac OS X 10_15_7) AppleWebKit/537.36 (KHTML, like Gecko) Chrome/147.0.0.0 Safari/537.36" "-"
122.181.102.5 - - [03/May/2026:19:19:06 +0200] "GET /wp-content/fonts/montserrat/JTUHjIg1_i6t8kCHKm4532VJOt5-QNFgpCtr6Hw5aXo.woff2 HTTP/1.1" 200 14940 "https://headley.in/wp-content/fonts/737407c2d6d93803c2364938eda05596.css?ver=2.2.9" "Mozilla/5.0 (Macintosh; Intel Mac OS X 10_15_7) AppleWebKit/537.36 (KHTML, like Gecko) Chrome/147.0.0.0 Safari/537.36" "-"
122.181.102.5 - - [03/May/2026:19:19:06 +0200] "GET /wp-content/themes/botiga/assets/js/botiga-ajax-search.min.js?ver=2.2.9 HTTP/1.1" 200 951 "https://headley.in/" "Mozilla/5.0 (Macintosh; Intel Mac OS X 10_15_7) AppleWebKit/537.36 (KHTML, like Gecko) Chrome/147.0.0.0 Safari/537.36" "-"
122.181.102.5 - - [03/May/2026:19:19:06 +0200] "GET /wp-content/plugins/ml-slider/assets/sliders/flexslider/jquery.flexslider.min.js?ver=3.93.0 HTTP/1.1" 200 6483 "https://headley.in/" "Mozilla/5.0 (Macintosh; Intel Mac OS X 10_15_7) AppleWebKit/537.36 (KHTML, like Gecko) Chrome/147.0.0.0 Safari/537.36" "-"
122.181.102.5 - - [03/May/2026:19:19:06 +0200] "GET /wp-content/plugins/woocommerce/assets/js/frontend/order-attribution.min.js?ver=9.4.2 HTTP/1.1" 200 1019 "https://headley.in/" "Mozilla/5.0 (Macintosh; Intel Mac OS X 10_15_7) AppleWebKit/537.36 (KHTML, like Gecko) Chrome/147.0.0.0 Safari/537.36" "-"
122.181.102.5 - - [03/May/2026:19:19:06 +0200] "GET /wp-content/themes/botiga-child/assets/js/custom.js?ver=2.2.9 HTTP/1.1" 200 120 "https://headley.in/" "Mozilla/5.0 (Macintosh; Intel Mac OS X 10_15_7) AppleWebKit/537.36 (KHTML, like Gecko) Chrome/147.0.0.0 Safari/537.36" "-"
122.181.102.5 - - [03/May/2026:19:19:06 +0200] "GET /wp-content/plugins/ml-slider/assets/metaslider/script.min.js?ver=3.93.0 HTTP/1.1" 200 345 "https://headley.in/" "Mozilla/5.0 (Macintosh; Intel Mac OS X 10_15_7) AppleWebKit/537.36 (KHTML, like Gecko) Chrome/147.0.0.0 Safari/537.36" "-"
122.181.102.5 - - [03/May/2026:19:19:06 +0200] "GET /wp-content/plugins/woo-product-slider/src/Frontend/assets/js/swiper.min.js?ver=2.8.3 HTTP/1.1" 200 37742 "https://headley.in/" "Mozilla/5.0 (Macintosh; Intel Mac OS X 10_15_7) AppleWebKit/537.36 (KHTML, like Gecko) Chrome/147.0.0.0 Safari/537.36" "-"
122.181.102.5 - - [03/May/2026:19:19:07 +0200] "GET /wp-content/plugins/woo-product-slider/src/Frontend/assets/js/scripts.min.js?ver=2.8.3 HTTP/1.1" 200 689 "https://headley.in/" "Mozilla/5.0 (Macintosh; Intel Mac OS X 10_15_7) AppleWebKit/537.36 (KHTML, like Gecko) Chrome/147.0.0.0 Safari/537.36" "-"
122.181.102.5 - - [03/May/2026:19:19:07 +0200] "GET /wp-content/plugins/woocommerce/assets/js/js-cookie/js.cookie.min.js?ver=2.1.4-wc.9.4.2 HTTP/1.1" 200 772 "https://headley.in/" "Mozilla/5.0 (Macintosh; Intel Mac OS X 10_15_7) AppleWebKit/537.36 (KHTML, like Gecko) Chrome/147.0.0.0 Safari/537.36" "-"
122.181.102.5 - - [03/May/2026:19:19:07 +0200] "GET /wp-content/plugins/woocommerce/assets/js/frontend/woocommerce.min.js?ver=9.4.2 HTTP/1.1" 200 1074 "https://headley.in/" "Mozilla/5.0 (Macintosh; Intel Mac OS X 10_15_7) AppleWebKit/537.36 (KHTML, like Gecko) Chrome/147.0.0.0 Safari/537.36" "-"
122.181.102.5 - - [03/May/2026:19:19:07 +0200] "GET /wp-content/plugins/woo-product-slider/src/Admin/assets/images/spinner.svg HTTP/1.1" 200 374 "https://headley.in/" "Mozilla/5.0 (Macintosh; Intel Mac OS X 10_15_7) AppleWebKit/537.36 (KHTML, like Gecko) Chrome/147.0.0.0 Safari/537.36" "-"
122.181.102.5 - - [03/May/2026:19:19:07 +0200] "GET /wp-content/uploads/2024/05/logo_original-headley.webp HTTP/1.1" 200 5822 "https://headley.in/" "Mozilla/5.0 (Macintosh; Intel Mac OS X 10_15_7) AppleWebKit/537.36 (KHTML, like Gecko) Chrome/147.0.0.0 Safari/537.36" "-"
122.181.102.5 - - [03/May/2026:19:19:07 +0200] "GET /wp-content/uploads/2025/10/cropped-Headley-3D-logo.png HTTP/1.1" 404 212 "https://headley.in/" "Mozilla/5.0 (Macintosh; Intel Mac OS X 10_15_7) AppleWebKit/537.36 (KHTML, like Gecko) Chrome/147.0.0.0 Safari/537.36" "-"
122.181.102.5 - - [03/May/2026:19:19:07 +0200] "GET /wp-content/uploads/2024/06/Untitled-1.webp HTTP/1.1" 200 38174 "https://headley.in/wp-content/themes/botiga-child/style.css?ver=2.2.9" "Mozilla/5.0 (Macintosh; Intel Mac OS X 10_15_7) AppleWebKit/537.36 (KHTML, like Gecko) Chrome/147.0.0.0 Safari/537.36" "-"
122.181.102.5 - - [03/May/2026:19:19:07 +0200] "GET /wp-content/uploads/2024/09/WhatsApp-Image-2024-08-30-at-5.37.30-PM_1725067031479-920x920.jpeg HTTP/1.1" 200 90540 "https://headley.in/" "Mozilla/5.0 (Macintosh; Intel Mac OS X 10_15_7) AppleWebKit/537.36 (KHTML, like Gecko) Chrome/147.0.0.0 Safari/537.36" "-"
122.181.102.5 - - [03/May/2026:19:19:07 +0200] "GET /wp-content/uploads/2024/05/c837a6_56bbc7d1050d428e9c8bed5d2272e0d3mv2.webp HTTP/1.1" 200 68484 "https://headley.in/" "Mozilla/5.0 (Macintosh; Intel Mac OS X 10_15_7) AppleWebKit/537.36 (KHTML, like Gecko) Chrome/147.0.0.0 Safari/537.36" "-"
122.181.102.5 - - [03/May/2026:19:19:07 +0200] "GET /wp-content/uploads/2024/05/Strawberry-Crush-5L-min-920x920.jpeg HTTP/1.1" 200 101198 "https://headley.in/" "Mozilla/5.0 (Macintosh; Intel Mac OS X 10_15_7) AppleWebKit/537.36 (KHTML, like Gecko) Chrome/147.0.0.0 Safari/537.36" "-"
122.181.102.5 - - [03/May/2026:19:19:07 +0200] "GET /wp-content/uploads/2024/05/431746005_915734187033180_4485719471996974796_n-rotated.jpg HTTP/1.1" 200 192662 "https://headley.in/" "Mozilla/5.0 (Macintosh; Intel Mac OS X 10_15_7) AppleWebKit/537.36 (KHTML, like Gecko) Chrome/147.0.0.0 Safari/537.36" "-"
122.181.102.5 - - [03/May/2026:19:19:07 +0200] "GET /wp-content/uploads/2024/05/Butterscotch-Crush-750-ml-min.jpeg HTTP/1.1" 200 145521 "https://headley.in/" "Mozilla/5.0 (Macintosh; Intel Mac OS X 10_15_7) AppleWebKit/537.36 (KHTML, like Gecko) Chrome/147.0.0.0 Safari/537.36" "-"
122.181.102.5 - - [03/May/2026:19:19:07 +0200] "GET /wp-content/uploads/2024/05/Green-Chili-Sauce-min.jpeg HTTP/1.1" 200 122083 "https://headley.in/" "Mozilla/5.0 (Macintosh; Intel Mac OS X 10_15_7) AppleWebKit/537.36 (KHTML, like Gecko) Chrome/147.0.0.0 Safari/537.36" "-"
122.181.102.5 - - [03/May/2026:19:19:07 +0200] "GET /wp-content/uploads/2024/09/WhatsApp-Image-2024-08-30-at-5.37.30-PM_1725067031479.jpeg HTTP/1.1" 200 149806 "https://headley.in/" "Mozilla/5.0 (Macintosh; Intel Mac OS X 10_15_7) AppleWebKit/537.36 (KHTML, like Gecko) Chrome/147.0.0.0 Safari/537.36" "-"
122.181.102.5 - - [03/May/2026:19:19:07 +0200] "GET /wp-content/uploads/2024/05/Strawberry-Crush-5L-min.jpeg HTTP/1.1" 200 124671 "https://headley.in/" "Mozilla/5.0 (Macintosh; Intel Mac OS X 10_15_7) AppleWebKit/537.36 (KHTML, like Gecko) Chrome/147.0.0.0 Safari/537.36" "-"
